{"id":3251,"date":"2025-10-17T16:39:53","date_gmt":"2025-10-17T16:39:53","guid":{"rendered":"https:\/\/www.steffidrerup.com\/wordpress\/?page_id=3251"},"modified":"2026-03-25T12:13:05","modified_gmt":"2026-03-25T12:13:05","slug":"anaemia","status":"publish","type":"page","link":"https:\/\/www.steffidrerup.com\/wordpress\/anaemia\/","title":{"rendered":"Anaemia"},"content":{"rendered":"<p>&nbsp;<\/p>\n<p>&nbsp;<\/p>\n<p><img loading=\"lazy\" decoding=\"async\" class=\"alignnone size-full wp-image-3335\" src=\"http:\/\/www.steffidrerup.com\/wordpress\/wp-content\/uploads\/2026\/03\/c2bb65623fb26b9398ed9e09ae027d2b-e1774274910412.png\" alt=\"\" width=\"1958\" height=\"1280\" srcset=\"https:\/\/www.steffidrerup.com\/wordpress\/wp-content\/uploads\/2026\/03\/c2bb65623fb26b9398ed9e09ae027d2b-e1774274910412.png 1958w, https:\/\/www.steffidrerup.com\/wordpress\/wp-content\/uploads\/2026\/03\/c2bb65623fb26b9398ed9e09ae027d2b-e1774274910412-600x392.png 600w, https:\/\/www.steffidrerup.com\/wordpress\/wp-content\/uploads\/2026\/03\/c2bb65623fb26b9398ed9e09ae027d2b-e1774274910412-900x588.png 900w, https:\/\/www.steffidrerup.com\/wordpress\/wp-content\/uploads\/2026\/03\/c2bb65623fb26b9398ed9e09ae027d2b-e1774274910412-300x196.png 300w, https:\/\/www.steffidrerup.com\/wordpress\/wp-content\/uploads\/2026\/03\/c2bb65623fb26b9398ed9e09ae027d2b-e1774274910412-768x502.png 768w, https:\/\/www.steffidrerup.com\/wordpress\/wp-content\/uploads\/2026\/03\/c2bb65623fb26b9398ed9e09ae027d2b-e1774274910412-1536x1004.png 1536w, https:\/\/www.steffidrerup.com\/wordpress\/wp-content\/uploads\/2026\/03\/c2bb65623fb26b9398ed9e09ae027d2b-e1774274910412-1300x850.png 1300w\" sizes=\"auto, (max-width: 1958px) 100vw, 1958px\" \/><\/p>\n\n\n<p>&nbsp;<\/p>\n\n\n\n<p>ANAEMIA connects a physical crisis with changing glacial landscapes in Iceland.<\/p>\n\n\n\n<p>Emerging from a feverish vision in which the body seemed to overlap with landscape itself, the work traces parallels between biological and geological processes of deterioration.<\/p>\n\n\n\n<p>Through self-portraits in Icelandic nature and Polaroids of the S\u00f3lheimaj\u00f6kull glacier, it gathers visual material that addresses vulnerability, temporality, and ecological transformation.<\/p>\n\n\n\n<p>&nbsp;<\/p>\n\n\n\n<p><\/p>\n\n\n\n<p><\/p>\n\n\n\n<p><\/p>\n\n\n<p>(2024-ongoing)<\/p>\n<p>&nbsp;<\/p>\n<p>&nbsp;<\/p>\n<p><img loading=\"lazy\" decoding=\"async\" class=\"alignnone  wp-image-3447\" src=\"http:\/\/www.steffidrerup.com\/wordpress\/wp-content\/uploads\/2026\/03\/1c7b9ec9981c3a43276cf43474f09de6.jpg\" alt=\"\" width=\"580\" height=\"388\" srcset=\"https:\/\/www.steffidrerup.com\/wordpress\/wp-content\/uploads\/2026\/03\/1c7b9ec9981c3a43276cf43474f09de6.jpg 1500w, https:\/\/www.steffidrerup.com\/wordpress\/wp-content\/uploads\/2026\/03\/1c7b9ec9981c3a43276cf43474f09de6-598x400.jpg 598w, https:\/\/www.steffidrerup.com\/wordpress\/wp-content\/uploads\/2026\/03\/1c7b9ec9981c3a43276cf43474f09de6-897x600.jpg 897w, https:\/\/www.steffidrerup.com\/wordpress\/wp-content\/uploads\/2026\/03\/1c7b9ec9981c3a43276cf43474f09de6-300x200.jpg 300w, https:\/\/www.steffidrerup.com\/wordpress\/wp-content\/uploads\/2026\/03\/1c7b9ec9981c3a43276cf43474f09de6-768x514.jpg 768w, https:\/\/www.steffidrerup.com\/wordpress\/wp-content\/uploads\/2026\/03\/1c7b9ec9981c3a43276cf43474f09de6-1300x869.jpg 1300w\" sizes=\"auto, (max-width: 580px) 100vw, 580px\" \/><\/p>\n<p>(<a href=\"https:\/\/events.grapevine.is\/events\/4885\">S\u00cdM Hl\u00f6\u00f0ulofti\u00f0<\/a>)<\/p>\n\n\n<p><\/p>\n","protected":false},"excerpt":{"rendered":"<p>&nbsp; &nbsp; &nbsp; ANAEMIA connects a physical crisis with changing glacial landscapes in Iceland. Emerging from a feverish vision in which the body seemed to overlap with landscape itself, the work traces parallels between biological and geological processes of deterioration. Through self-portraits in Icelandic nature and Polaroids of the S\u00f3lheimaj\u00f6kull glacier, it gathers visual material that addresses vulnerability, temporality, and ecological transformation. &nbsp; (2024-ongoing) &nbsp; &nbsp; (S\u00cdM Hl\u00f6\u00f0ulofti\u00f0)<\/p>\n","protected":false},"author":1,"featured_media":0,"parent":0,"menu_order":0,"comment_status":"closed","ping_status":"closed","template":"","meta":{"footnotes":""},"class_list":["post-3251","page","type-page","status-publish","hentry"],"_links":{"self":[{"href":"https:\/\/www.steffidrerup.com\/wordpress\/wp-json\/wp\/v2\/pages\/3251","targetHints":{"allow":["GET"]}}],"collection":[{"href":"https:\/\/www.steffidrerup.com\/wordpress\/wp-json\/wp\/v2\/pages"}],"about":[{"href":"https:\/\/www.steffidrerup.com\/wordpress\/wp-json\/wp\/v2\/types\/page"}],"author":[{"embeddable":true,"href":"https:\/\/www.steffidrerup.com\/wordpress\/wp-json\/wp\/v2\/users\/1"}],"replies":[{"embeddable":true,"href":"https:\/\/www.steffidrerup.com\/wordpress\/wp-json\/wp\/v2\/comments?post=3251"}],"version-history":[{"count":39,"href":"https:\/\/www.steffidrerup.com\/wordpress\/wp-json\/wp\/v2\/pages\/3251\/revisions"}],"predecessor-version":[{"id":3452,"href":"https:\/\/www.steffidrerup.com\/wordpress\/wp-json\/wp\/v2\/pages\/3251\/revisions\/3452"}],"wp:attachment":[{"href":"https:\/\/www.steffidrerup.com\/wordpress\/wp-json\/wp\/v2\/media?parent=3251"}],"curies":[{"name":"wp","href":"https:\/\/api.w.org\/{rel}","templated":true}]}}